ppose -12 + 0 = -4*v. Suppose 78 = 5*b - 2*m + 13, -55 = -v*b - 2*m. Is b prime?
False
Suppose -2*b + 3*b = 18. Let l be (2/2)/(1/b). Suppose 0 = -5*h + l + 87. Is h a composite number?
True
Suppose -20 = -5*f, -2*f + 2175 = -3*h + 14500. Is h composite?
False
Let u(x) = -2*x - 7. Suppose -5*y = 18 + 12. Let d be u(y). Suppose 0 = -d*j - 2*i + 205, -5*j - 3*i = -4*j - 54. Is j prime?
False
Let s(d) = -d**3 - 7*d**2 + 2*d + 10. Let f = 3 + -10. Let o be s(f). Is ((-159)/12)/(1/o) a prime number?
True
Is -2*(-1068)/(-18)*(-6)/4 composite?
True
Let n = 923 + 1230. Is n composite?
False
Let w(b) = -14*b - 5. Suppose -j + 2*j - 3*h = -11, -2*j - 14 = -2*h. Is w(j) a composite number?
True
Let g(w) be the third derivative of w**5/60 + 3*w**4/8 - 4*w**2. Is g(-11) a prime number?
False
Let l(x) = 3*x**3 + 3*x**2 + x - 1. Let o be l(-2). Let s be (-168)/(-10) + (-3)/o. Suppose 18 = 5*a - s. Is a prime?
True
Let a = -12 + 17. Suppose a*d = 2*d + 27. Is d a composite number?
True
Let b(v) = 14*v**2 + 2*v - 3. Is b(2) a prime number?
False
Suppose -2*k + 3*b + 5 = 0, -2 = k + b - 12. Let x(i) = 4*i**2 - 3*i - 8. Let s be x(k). Suppose -s + 492 = 5*f. Is f a prime number?
False
Suppose 0 = -4*o + 181 + 175. Is o a composite number?
False
Suppose 158 = -4*w - 150. Let c = 0 - w. Is c a composite number?
True
Let y(w) = w**3 - 5*w**2 + 5*w - 3. Let j be y(3). Let q be 1*(-38)/j*6. Suppose -o = g - q, g - 2*o - 183 = -4*g. Is g a composite number?
False
Let i(h) = -h**2 - 1. Let c(d) = 57*d**2 - d + 3. Let v(g) = c(g) + 4*i(g). Is v(-1) a composite number?
False
Let j(u) = -78*u - 1. Let h be j(-5). Let l = -68 + h. Suppose -4*g + 19 = -l. Is g a prime number?
False
Let c = 4434 - 2273. Is c a prime number?
True
Let w(g) = -10*g**3 + 2*g**2 - 3*g + 2. Is w(-3) composite?
True
Let r = -7 + 27. Suppose 5*g = 4*d - 1437, 2*g = -2*g - r. Is d a prime number?
True
Let w(z) = -z + 6*z**2 + 7*z**2 + 8*z**2. Is w(-1) a prime number?
False
Let y = 54 + -21. Suppose 4*h + n = -3*n + 468, -5*h = -2*n - 599. Let g = h - y. Is g a prime number?
False
Let b(m) = 2*m - 7. Let j be b(5). Suppose 4*n = 3*l - 247, l - 68 = -3*n + 23. Suppose -4*f + j*f = -l. Is f prime?
False
Let l = -11 - -8. Let p be 0*l/6 + 2. Is (-3 + p)*161/(-1) composite?
True
Let u(m) = -5 + 6 - m + 3*m - 11*m**3 + 3*m**2. Is u(-2) prime?
True
Let f = 22 + -22. Suppose -2*o + 74 = -f*o. Is o prime?
True
Suppose -x + 3*f = 322, -f = -x + f - 323. Let p = 516 + x. Is p composite?
False
Suppose -2*i + 3*v = -167, -3*i - v = -3*v - 243. Is i a prime number?
True
Let t(y) = 51*y - 4. Let o be -4*(-3)/18*3. Suppose 0 = 2*u - 8 + o. Is t(u) composite?
False
Let m be (5 - 3)*(-3)/2. Is m/(2 - 8)*94 composite?
False
Suppose 13 = 4*d + 5*g, 2*g + 2*g + 5 = -d. Suppose 0 = -4*m - 21 - d. Let p = 22 + m. Is p a prime number?
False
Suppose -323 = -3*t + p, -5*t - 533 = -10*t + 3*p. Suppose -c = b + 4*c - 6, t = 4*b + 3*c. Is b composite?
False
Let c be -2 - (-5)/((-15)/18). Let y(k) = -k**3 - 7*k**2 - 10*k + 1. Let b be y(c). Is (-8)/(-12) + b/3 a prime number?
False
Suppose -t + 103 = -m, -4*t - 27 - 247 = 3*m. Let g = -55 - m. Suppose -s - 4*b + 11 = -0, -3*s - 2*b + g = 0. Is s a prime number?
False
Let a(w) = -w**2 - 8*w + 3. Let j = -9 + 1. Let h be a(j). Suppose h*f - 68 = 85. Is f a prime number?
False
Let c = 335 + 36. Is c a prime number?
False
Suppose 3*b + 2 = -1. Let w = 1 - b. Suppose -2*a + 160 = w*g, -5*g + 396 = a - 0*a. Is g prime?
True
Let b(o) = o**2 - 5*o + 1. Let t be (-1)/1*7*-1. Let k be b(t). Suppose 3*y - 216 + k = 0. Is y a composite number?
False
Let m = -1 + 3. Suppose 0*t - m*t - 38 = 0. Let v = 33 + t. Is v composite?
True
Let w(d) = -6*d + 13. Is w(-25) a composite number?
False
Let l(f) = -f**3 + 31*f**2 + 32*f + 19. Is l(22) composite?
True
Suppose -5*c = -c - 472. Suppose s + 4 = -0*s. Is -2 + (-1 - s) + c a prime number?
False
Suppose -y + 5*y - 596 = 0. Is y composite?
False
Let d(m) = -73*m + 2. Is d(-3) prime?
False
Let x = -6 + 2. Let q be (-84)/(-18) + x/6. Suppose 1 = -q*v + 149. Is v composite?
False
Let o = 1068 + -697. Is o a prime number?
False
Suppose -15*v = -11665 - 16940. Is v composite?
False
Suppose -3*q - 2*q = -110. Let u(p) = -9 - q*p + 9. Is u(-1) a composite number?
True
Let b(z) = -z**3 - 3*z**2 - 3. Let n = -10 + 7. Let v be b(n). Let x = 70 + v. Is x prime?
True
Suppose -19 - 9 = -4*f. Let h = -4 + f. Suppose -3*w + 3*r = -w - 106, 4*r - 193 = -h*w. Is w a composite number?
False
Suppose j + 4 = 25. Let o = 74 - j. Is o composite?
False
Let x = 71 + 8. Is x composite?
False
Let t be ((-4)/(-8))/((-1)/(-4)). Suppose i + 2*i = 3. Suppose t*w - 51 - i = 0. Is w prime?
False
Suppose -3*u = g - 2*g + 420, -4*u - 1260 = -3*g. Suppose -3*k + 7 = -2. Suppose -5*r + k*m + 50 = -g, r = m + 92. Is r composite?
False
Suppose 6*l - 7130 = -2120. Is l a composite number?
True
Let h(t) be the first derivative of 17*t**3/6 - t**2 - 3*t - 2. Let z(o) be the first derivative of h(o). Is z(5) composite?
False
Let x = -13 - -3. Let m(g) = g + 24. Is m(x) a prime number?
False
Let c be (-24)/3*(-9)/(-2). Let j = c + 73. Is j a prime number?
True
Let d(z) = -24*z - 1. Is d(-3) a composite number?
False
Let z(m) = -30*m**3 - m**2 - m + 3. Let s be z(2). Suppose 4*j - 2259 = -827. Let o = j + s. Is o composite?
True
Suppose -3*l + 16 = -5*n - 6*l, 0 = -3*l - 6. Let k(g) = 30*g**2 + g + 1. Is k(n) a composite number?
True
Let f = -74 - -130. Let m be f - (0 + 0) - 3. Suppose m = k - 18. Is k a prime number?
True
Let l(s) be the first derivative of s**3/3 - 17*s - 3. Is l(-12) prime?
True
Suppose 0 = -2*n + 4 + 22. Let a = n + -9. Suppose -v - a = -57. Is v composite?
False
Let d(q) be the first derivative of 3*q**3 - 3*q - 1. Is d(-2) prime?
False
Let o = -4460 - -7797. Is o a composite number?
True
Let p = 65 - 22. Is p composite?
False
Is 1/(3/9)*(-474)/(-9) a composite number?
True
Suppose 37 = t + 14. Let q = 10 + t. Is q a composite number?
True
Let v be -1 + 57 + 0/2. Let m = 1 + v. Is (-5 - -1) + 2 + m prime?
False
Let g be (-5)/((-30)/(-4))*-6. Suppose 5*o - g*o = -4*n + 198, -n = 5*o - 1066. Is o a prime number?
False
Let y(s) = -7*s**2 + 3*s - 3. Let n(m) = -15*m**2 + 5*m - 5. Let k(v) = -6*n(v) + 13*y(v). Let l be k(9). Is (-6)/l - (-458)/6 a composite number?
True
Is 798/9 + (-4)/(-12) a prime number?
True
Let c(l) = 2*l**3 - 3*l**2 + l - 2. Let f be c(2). Suppose -k + 126 = f*h, 2 + 2 = 2*k. Is h composite?
False
Let z(s) be the first derivative of -39*s**2 + 17*s - 4. Is z(-7) prime?
True
Suppose -w + 4*c = -367, 3*w + 2*c - 724 = w. Is ((-2)/(-2))/(3/w) prime?
False
Suppose 0 = 4*i + 3*z - 953, -2*z - 241 = -i - 0*i. Is i prime?
True
Suppose 3*i - 3*n = 219, 67 = 5*i - 4*i + 5*n. Suppose 140 + i = 4*w. Is w a prime number?
True
Let p(i) = -i**2 + 15*i - 3. Let k be p(8). Let l = 1 + -1. Suppose 5*q - 4*q - k = l. Is q a composite number?
False
Suppose -2*b + 8 = 0, -636 = -i - 4*b + 245. Is i a prime number?
False
Let o(u) = 238*u + 3. Is o(2) a composite number?
False
Let n be -2 - ((-3)/(-1) - -19). Let l be 4/((-16)/174)*n. Is l/28 - (-2)/(-7) composite?
False
Suppose -3*r - 112 = 191. Let v = r - -223. Suppose -v - 74 = -4*i. Is i a prime number?
False
Let g(n) = -n**2 + n + 6. Let y be g(0). Is y/(-9) + 8455/15 a prime number?
True
Let q be 2/((-6)/4 - -1). Let x be (1 + -1)/(-5 - q). Suppose -3*v = c - 242, 3*v + 2*c + 0*c - 247 = x. Is v prime?
True
Let g = 11 + 788. Is g composite?
True
Let q = 664 + 115. Is q a composite number?
True
Let j be (-1629)/(3 + 18/(-4)). Suppose -5*n + j = 4*o, 6*n + 797 = 3*o + n. Is o prime?
True
Suppose 4*b - 1184 = -b - i, 20 = 5*i. Suppose -5*h = -h - b. Is h a composite number?
False
Let f(b) = -3*b - 11. Let j be f(-5). Let u(s) be the third derivative of 3*s**4/8 - s**3/6 - 2*s**2. Is u(j) prime?
False
Let l be (-240)/(-7) - 2/7. Suppose -2*u + 2 = -l. Suppose 0 = 2*o - u - 88. Is o composite?
False
Let s be (-3 + -1 - -3) + 41. Suppose -3*j + s = f, f - 3*j = -2*j + 32. Is f composite?
True
Let l be (-2 - (-6)/9)*-12. Let b = -9 + l. Let r = 30 + b. Is r composite?
False
Let t(f) = -f - 8. Let u be t(-21). Suppose -2*v + 5*v - 3*r = 375, -2*r + 4 = 0. Suppose -4*h = -u - v. Is h a prime number?
False
Let d = 367 + -6